{"id":15,"date":"2023-02-14T11:43:40","date_gmt":"2023-02-14T11:43:40","guid":{"rendered":"https:\/\/demo.sparkletheme.com\/fitness-fse\/?page_id=15"},"modified":"2026-01-16T08:51:48","modified_gmt":"2026-01-16T08:51:48","slug":"contact-us","status":"publish","type":"page","link":"https:\/\/rautakruunu.fi\/index.php\/contact-us\/","title":{"rendered":"Ota yhteytt\u00e4"},"content":{"rendered":"\n<div class=\"wp-block-group alignwide has-white-background-color has-background is-layout-constrained wp-container-core-group-is-layout-e8498b1d wp-block-group-is-layout-constrained\" style=\"padding-right:20px;padding-left:20px\">\n<div class=\"wp-block-group alignwide is-layout-flow wp-container-core-group-is-layout-9e40f159 wp-block-group-is-layout-flow\" style=\"padding-bottom:30px\">\n<div class=\"wp-block-group alignwide is-layout-flow wp-block-group-is-layout-flow\" style=\"padding-right:10%;padding-bottom:40px;padding-left:10%\">\n<div class=\"wp-block-group animated animated-fadeInUp is-content-justification-center is-nowrap is-layout-flex wp-container-core-group-is-layout-eff0ac72 wp-block-group-is-layout-flex\">\n<div class=\"wp-block-group is-layout-flow wp-block-group-is-layout-flow\">\n<hr class=\"wp-block-separator has-text-color has-primary-color has-alpha-channel-opacity has-primary-background-color has-background\"\/>\n<\/div>\n\n\n\n<p class=\"has-text-align-left has-primary-color has-text-color has-fahkwang-font-family has-medium-font-size\" style=\"letter-spacing:1px\">Yhteystiedot<\/p>\n\n\n\n<div class=\"wp-block-group is-layout-flow wp-block-group-is-layout-flow\">\n<hr class=\"wp-block-separator has-text-color has-primary-color has-alpha-channel-opacity has-primary-background-color has-background\"\/>\n<\/div>\n<\/div>\n\n\n\n<h2 class=\"wp-block-heading has-text-align-center animated animated-fadeInUp has-fahkwang-font-family has-slider-title-font-size\" style=\"line-height:1.3\">Ota yhteytt\u00e4<\/h2>\n\n\n\n<p class=\"has-text-align-center has-fahkwang-font-family\">Olemme t\u00e4\u00e4ll\u00e4 auttaaksemme sinua alkuun. Kysy rohkeasti tai varaa aika \u2013 autamme sinua l\u00f6yt\u00e4m\u00e4\u00e4n juuri sinulle sopivimman ratkaisun.<\/p>\n<\/div>\n<\/div>\n\n\n\n<div class=\"wp-block-group alignwide is-layout-flow wp-block-group-is-layout-flow\" style=\"padding-top:16px\">\n<div class=\"wp-block-group is-layout-flow wp-block-group-is-layout-flow\">\n<div class=\"wp-block-group alignwide is-layout-flow wp-block-group-is-layout-flow\">\n<div class=\"wp-block-columns is-layout-flex wp-container-core-columns-is-layout-28f84493 wp-block-columns-is-layout-flex\">\n<div class=\"wp-block-column is-layout-flow wp-block-column-is-layout-flow\">\n<div class=\"wp-block-group alignwide has-shadow-dark animated animated-fadeInUp has-white-background-color has-background is-layout-constrained wp-container-core-group-is-layout-69de643f wp-block-group-is-layout-constrained\" style=\"border-radius:5px;padding-top:40px;padding-right:40px;padding-bottom:40px;padding-left:40px\">\n<div class=\"wp-block-group is-layout-flow wp-block-group-is-layout-flow\" style=\"padding-bottom:15px\">\n<figure class=\"wp-block-image aligncenter size-full is-resized\"><img loading=\"lazy\" decoding=\"async\" width=\"512\" height=\"512\" src=\"https:\/\/rautakruunu.fi\/wp-content\/uploads\/2026\/01\/contact-us-20.png\" alt=\"\" class=\"wp-image-1795\" style=\"width:68px;height:auto\" srcset=\"https:\/\/rautakruunu.fi\/wp-content\/uploads\/2026\/01\/contact-us-20.png 512w, https:\/\/rautakruunu.fi\/wp-content\/uploads\/2026\/01\/contact-us-20-300x300.png 300w, https:\/\/rautakruunu.fi\/wp-content\/uploads\/2026\/01\/contact-us-20-150x150.png 150w\" sizes=\"auto, (max-width: 512px) 100vw, 512px\" \/><\/figure>\n<\/div>\n\n\n\n<h2 class=\"wp-block-heading has-text-align-center\" style=\"margin-top:10px;margin-right:10px;margin-bottom:10px;margin-left:10px\">Soita meille<\/h2>\n\n\n\n<p class=\"has-text-align-center\">+358 41 7487287<\/p>\n<\/div>\n<\/div>\n\n\n\n<div class=\"wp-block-column is-layout-flow wp-block-column-is-layout-flow\">\n<div class=\"wp-block-group alignwide has-shadow-dark animated animated-fadeInUp has-white-background-color has-background is-layout-constrained wp-container-core-group-is-layout-69de643f wp-block-group-is-layout-constrained\" style=\"border-radius:5px;padding-top:40px;padding-right:40px;padding-bottom:40px;padding-left:40px\">\n<div class=\"wp-block-group is-layout-flow wp-block-group-is-layout-flow\" style=\"padding-bottom:15px\">\n<figure class=\"wp-block-image aligncenter size-full is-resized\"><img loading=\"lazy\" decoding=\"async\" width=\"500\" height=\"500\" src=\"https:\/\/rautakruunu.fi\/wp-content\/uploads\/2026\/01\/email-contact2.png\" alt=\"\" class=\"wp-image-1800\" style=\"width:70px;height:auto\" srcset=\"https:\/\/rautakruunu.fi\/wp-content\/uploads\/2026\/01\/email-contact2.png 500w, https:\/\/rautakruunu.fi\/wp-content\/uploads\/2026\/01\/email-contact2-300x300.png 300w, https:\/\/rautakruunu.fi\/wp-content\/uploads\/2026\/01\/email-contact2-150x150.png 150w\" sizes=\"auto, (max-width: 500px) 100vw, 500px\" \/><\/figure>\n<\/div>\n\n\n\n<h2 class=\"wp-block-heading has-text-align-center\" style=\"margin-top:10px;margin-right:10px;margin-bottom:10px;margin-left:10px\">L\u00e4het\u00e4 meille s\u00e4hk\u00f6postia<\/h2>\n\n\n\n<p class=\"has-text-align-center\">info@rautakruunu.fi<\/p>\n<\/div>\n<\/div>\n\n\n\n<div class=\"wp-block-column is-layout-flow wp-block-column-is-layout-flow\">\n<div class=\"wp-block-group alignwide has-shadow-dark animated animated-fadeInUp has-white-background-color has-background is-layout-constrained wp-container-core-group-is-layout-69de643f wp-block-group-is-layout-constrained\" style=\"border-radius:5px;padding-top:40px;padding-right:40px;padding-bottom:40px;padding-left:40px\">\n<div class=\"wp-block-group is-layout-flow wp-block-group-is-layout-flow\" style=\"padding-bottom:15px\">\n<figure class=\"wp-block-image aligncenter size-full is-resized\"><img loading=\"lazy\" decoding=\"async\" width=\"469\" height=\"532\" src=\"https:\/\/rautakruunu.fi\/wp-content\/uploads\/2026\/01\/address-map-1.png\" alt=\"\" class=\"wp-image-1801\" style=\"aspect-ratio:0.8815889348064434;width:57px;height:auto\" srcset=\"https:\/\/rautakruunu.fi\/wp-content\/uploads\/2026\/01\/address-map-1.png 469w, https:\/\/rautakruunu.fi\/wp-content\/uploads\/2026\/01\/address-map-1-264x300.png 264w\" sizes=\"auto, (max-width: 469px) 100vw, 469px\" \/><\/figure>\n<\/div>\n\n\n\n<h2 class=\"wp-block-heading has-text-align-center\" style=\"margin-top:10px;margin-right:10px;margin-bottom:10px;margin-left:10px\">Ositie<\/h2>\n\n\n\n<p class=\"has-text-align-center\"> 20100 Turku<\/p>\n<\/div>\n<\/div>\n<\/div>\n<\/div>\n\n\n\n<p><\/p>\n\n\n\n<div class=\"wp-block-group alignwide is-layout-flow wp-block-group-is-layout-flow\">\n<div class=\"wp-block-columns is-layout-flex wp-container-core-columns-is-layout-28f84493 wp-block-columns-is-layout-flex\">\n<div class=\"wp-block-column has-shadow-dark animated animated-fadeInUp is-layout-flow wp-block-column-is-layout-flow\">\n<div class=\"map-container\">\n    <iframe \n        src=\"https:\/\/www.google.com\/maps\/embed?pb=!1m18!1m12!1m3!1d1967.576155510548!2d22.26772487641161!3d60.452212320639504!2m3!1f0!2f0!3f0!3m2!1i1024!2i768!4f13.1!3m3!1m2!1s0x468c76fa49d2e613%3A0xb6cada1189fa58b2!2sEerikinkatu%209%2C%2020100%20Turku!5e0!3m2!1sen!2sfi!4v1764520681096!5m2!1sen!2sfi\" \n        width=\"100%\" \n        height=\"400\" \n        style=\"border:0;\" \n        allowfullscreen \n        loading=\"lazy\" \n        referrerpolicy=\"no-referrer-when-downgrade\"\n        title=\"Google Maps - Turku\">\n    <\/iframe>\n<\/div>\n\n<style>\n.map-container {\n    max-width: 800px;\n    margin: 20px auto;\n    border-radius: 10px;\n    overflow: hidden;\n    box-shadow: 0 4px 8px rgba(0,0,0,0.1);\n}\n<\/style>\n<\/div>\n<\/div>\n<\/div>\n<\/div>\n<\/div>\n<\/div>\n\n\n\n<div class=\"wp-block-cover is-light\"><span aria-hidden=\"true\" class=\"wp-block-cover__background has-background-dim-0 has-background-dim\"><\/span><div class=\"wp-block-cover__inner-container is-layout-flow wp-block-cover-is-layout-flow\">\n<p><\/p>\n<\/div><\/div>\n\n\n\n<p><\/p>\n","protected":false},"excerpt":{"rendered":"<p>Yhteystiedot Ota yhteytt\u00e4 Olemme t\u00e4\u00e4ll\u00e4 auttaaksemme sinua alkuun. Kysy rohkeasti tai varaa aika \u2013 autamme sinua l\u00f6yt\u00e4m\u00e4\u00e4n juuri sinulle sopivimman ratkaisun. Soita meille +358 41 7487287 L\u00e4het\u00e4 meille s\u00e4hk\u00f6postia info@rautakruunu.fi [&hellip;]<\/p>\n","protected":false},"author":1,"featured_media":0,"parent":0,"menu_order":0,"comment_status":"closed","ping_status":"closed","template":"","meta":{"footnotes":""},"class_list":["post-15","page","type-page","status-publish","hentry"],"yoast_head":"<!-- This site is optimized with the Yoast SEO plugin v26.7 - https:\/\/yoast.com\/wordpress\/plugins\/seo\/ -->\n<title>Ota yhteytt\u00e4 - Rautakruunu<\/title>\n<meta name=\"robots\" content=\"index, follow, max-snippet:-1, max-image-preview:large, max-video-preview:-1\" \/>\n<link rel=\"canonical\" href=\"https:\/\/rautakruunu.fi\/index.php\/contact-us\/\" \/>\n<meta property=\"og:locale\" content=\"fi_FI\" \/>\n<meta property=\"og:type\" content=\"article\" \/>\n<meta property=\"og:title\" content=\"Ota yhteytt\u00e4 - Rautakruunu\" \/>\n<meta property=\"og:description\" content=\"Yhteystiedot Ota yhteytt\u00e4 Olemme t\u00e4\u00e4ll\u00e4 auttaaksemme sinua alkuun. Kysy rohkeasti tai varaa aika \u2013 autamme sinua l\u00f6yt\u00e4m\u00e4\u00e4n juuri sinulle sopivimman ratkaisun. Soita meille +358 41 7487287 L\u00e4het\u00e4 meille s\u00e4hk\u00f6postia info@rautakruunu.fi [&hellip;]\" \/>\n<meta property=\"og:url\" content=\"https:\/\/rautakruunu.fi\/index.php\/contact-us\/\" \/>\n<meta property=\"og:site_name\" content=\"Rautakruunu\" \/>\n<meta property=\"article:modified_time\" content=\"2026-01-16T08:51:48+00:00\" \/>\n<meta property=\"og:image\" content=\"https:\/\/rautakruunu.fi\/wp-content\/uploads\/2026\/01\/contact-us-20.png\" \/>\n<meta name=\"twitter:card\" content=\"summary_large_image\" \/>\n<meta name=\"twitter:label1\" content=\"Arvioitu lukuaika\" \/>\n\t<meta name=\"twitter:data1\" content=\"1 minuutti\" \/>\n<script type=\"application\/ld+json\" class=\"yoast-schema-graph\">{\"@context\":\"https:\/\/schema.org\",\"@graph\":[{\"@type\":\"WebPage\",\"@id\":\"https:\/\/rautakruunu.fi\/index.php\/contact-us\/\",\"url\":\"https:\/\/rautakruunu.fi\/index.php\/contact-us\/\",\"name\":\"Ota yhteytt\u00e4 - Rautakruunu\",\"isPartOf\":{\"@id\":\"https:\/\/rautakruunu.fi\/#website\"},\"primaryImageOfPage\":{\"@id\":\"https:\/\/rautakruunu.fi\/index.php\/contact-us\/#primaryimage\"},\"image\":{\"@id\":\"https:\/\/rautakruunu.fi\/index.php\/contact-us\/#primaryimage\"},\"thumbnailUrl\":\"https:\/\/rautakruunu.fi\/wp-content\/uploads\/2026\/01\/contact-us-20.png\",\"datePublished\":\"2023-02-14T11:43:40+00:00\",\"dateModified\":\"2026-01-16T08:51:48+00:00\",\"breadcrumb\":{\"@id\":\"https:\/\/rautakruunu.fi\/index.php\/contact-us\/#breadcrumb\"},\"inLanguage\":\"fi\",\"potentialAction\":[{\"@type\":\"ReadAction\",\"target\":[\"https:\/\/rautakruunu.fi\/index.php\/contact-us\/\"]}]},{\"@type\":\"ImageObject\",\"inLanguage\":\"fi\",\"@id\":\"https:\/\/rautakruunu.fi\/index.php\/contact-us\/#primaryimage\",\"url\":\"https:\/\/rautakruunu.fi\/wp-content\/uploads\/2026\/01\/contact-us-20.png\",\"contentUrl\":\"https:\/\/rautakruunu.fi\/wp-content\/uploads\/2026\/01\/contact-us-20.png\",\"width\":512,\"height\":512},{\"@type\":\"BreadcrumbList\",\"@id\":\"https:\/\/rautakruunu.fi\/index.php\/contact-us\/#breadcrumb\",\"itemListElement\":[{\"@type\":\"ListItem\",\"position\":1,\"name\":\"Etusivu\",\"item\":\"https:\/\/rautakruunu.fi\/\"},{\"@type\":\"ListItem\",\"position\":2,\"name\":\"Ota yhteytt\u00e4\"}]},{\"@type\":\"WebSite\",\"@id\":\"https:\/\/rautakruunu.fi\/#website\",\"url\":\"https:\/\/rautakruunu.fi\/\",\"name\":\"Rautakruunu\",\"description\":\"PT \/ ELINTAPAVALMENNUS \",\"publisher\":{\"@id\":\"https:\/\/rautakruunu.fi\/#organization\"},\"potentialAction\":[{\"@type\":\"SearchAction\",\"target\":{\"@type\":\"EntryPoint\",\"urlTemplate\":\"https:\/\/rautakruunu.fi\/?s={search_term_string}\"},\"query-input\":{\"@type\":\"PropertyValueSpecification\",\"valueRequired\":true,\"valueName\":\"search_term_string\"}}],\"inLanguage\":\"fi\"},{\"@type\":\"Organization\",\"@id\":\"https:\/\/rautakruunu.fi\/#organization\",\"name\":\"Rautakruunu\",\"url\":\"https:\/\/rautakruunu.fi\/\",\"logo\":{\"@type\":\"ImageObject\",\"inLanguage\":\"fi\",\"@id\":\"https:\/\/rautakruunu.fi\/#\/schema\/logo\/image\/\",\"url\":\"https:\/\/rautakruunu.fi\/wp-content\/uploads\/2025\/11\/rk-logo4-8.png\",\"contentUrl\":\"https:\/\/rautakruunu.fi\/wp-content\/uploads\/2025\/11\/rk-logo4-8.png\",\"width\":1024,\"height\":1024,\"caption\":\"Rautakruunu\"},\"image\":{\"@id\":\"https:\/\/rautakruunu.fi\/#\/schema\/logo\/image\/\"}}]}<\/script>\n<!-- \/ Yoast SEO plugin. -->","yoast_head_json":{"title":"Ota yhteytt\u00e4 - Rautakruunu","robots":{"index":"index","follow":"follow","max-snippet":"max-snippet:-1","max-image-preview":"max-image-preview:large","max-video-preview":"max-video-preview:-1"},"canonical":"https:\/\/rautakruunu.fi\/index.php\/contact-us\/","og_locale":"fi_FI","og_type":"article","og_title":"Ota yhteytt\u00e4 - Rautakruunu","og_description":"Yhteystiedot Ota yhteytt\u00e4 Olemme t\u00e4\u00e4ll\u00e4 auttaaksemme sinua alkuun. Kysy rohkeasti tai varaa aika \u2013 autamme sinua l\u00f6yt\u00e4m\u00e4\u00e4n juuri sinulle sopivimman ratkaisun. Soita meille +358 41 7487287 L\u00e4het\u00e4 meille s\u00e4hk\u00f6postia info@rautakruunu.fi [&hellip;]","og_url":"https:\/\/rautakruunu.fi\/index.php\/contact-us\/","og_site_name":"Rautakruunu","article_modified_time":"2026-01-16T08:51:48+00:00","og_image":[{"url":"https:\/\/rautakruunu.fi\/wp-content\/uploads\/2026\/01\/contact-us-20.png","type":"","width":"","height":""}],"twitter_card":"summary_large_image","twitter_misc":{"Arvioitu lukuaika":"1 minuutti"},"schema":{"@context":"https:\/\/schema.org","@graph":[{"@type":"WebPage","@id":"https:\/\/rautakruunu.fi\/index.php\/contact-us\/","url":"https:\/\/rautakruunu.fi\/index.php\/contact-us\/","name":"Ota yhteytt\u00e4 - Rautakruunu","isPartOf":{"@id":"https:\/\/rautakruunu.fi\/#website"},"primaryImageOfPage":{"@id":"https:\/\/rautakruunu.fi\/index.php\/contact-us\/#primaryimage"},"image":{"@id":"https:\/\/rautakruunu.fi\/index.php\/contact-us\/#primaryimage"},"thumbnailUrl":"https:\/\/rautakruunu.fi\/wp-content\/uploads\/2026\/01\/contact-us-20.png","datePublished":"2023-02-14T11:43:40+00:00","dateModified":"2026-01-16T08:51:48+00:00","breadcrumb":{"@id":"https:\/\/rautakruunu.fi\/index.php\/contact-us\/#breadcrumb"},"inLanguage":"fi","potentialAction":[{"@type":"ReadAction","target":["https:\/\/rautakruunu.fi\/index.php\/contact-us\/"]}]},{"@type":"ImageObject","inLanguage":"fi","@id":"https:\/\/rautakruunu.fi\/index.php\/contact-us\/#primaryimage","url":"https:\/\/rautakruunu.fi\/wp-content\/uploads\/2026\/01\/contact-us-20.png","contentUrl":"https:\/\/rautakruunu.fi\/wp-content\/uploads\/2026\/01\/contact-us-20.png","width":512,"height":512},{"@type":"BreadcrumbList","@id":"https:\/\/rautakruunu.fi\/index.php\/contact-us\/#breadcrumb","itemListElement":[{"@type":"ListItem","position":1,"name":"Etusivu","item":"https:\/\/rautakruunu.fi\/"},{"@type":"ListItem","position":2,"name":"Ota yhteytt\u00e4"}]},{"@type":"WebSite","@id":"https:\/\/rautakruunu.fi\/#website","url":"https:\/\/rautakruunu.fi\/","name":"Rautakruunu","description":"PT \/ ELINTAPAVALMENNUS ","publisher":{"@id":"https:\/\/rautakruunu.fi\/#organization"},"potentialAction":[{"@type":"SearchAction","target":{"@type":"EntryPoint","urlTemplate":"https:\/\/rautakruunu.fi\/?s={search_term_string}"},"query-input":{"@type":"PropertyValueSpecification","valueRequired":true,"valueName":"search_term_string"}}],"inLanguage":"fi"},{"@type":"Organization","@id":"https:\/\/rautakruunu.fi\/#organization","name":"Rautakruunu","url":"https:\/\/rautakruunu.fi\/","logo":{"@type":"ImageObject","inLanguage":"fi","@id":"https:\/\/rautakruunu.fi\/#\/schema\/logo\/image\/","url":"https:\/\/rautakruunu.fi\/wp-content\/uploads\/2025\/11\/rk-logo4-8.png","contentUrl":"https:\/\/rautakruunu.fi\/wp-content\/uploads\/2025\/11\/rk-logo4-8.png","width":1024,"height":1024,"caption":"Rautakruunu"},"image":{"@id":"https:\/\/rautakruunu.fi\/#\/schema\/logo\/image\/"}}]}},"_links":{"self":[{"href":"https:\/\/rautakruunu.fi\/index.php\/wp-json\/wp\/v2\/pages\/15","targetHints":{"allow":["GET"]}}],"collection":[{"href":"https:\/\/rautakruunu.fi\/index.php\/wp-json\/wp\/v2\/pages"}],"about":[{"href":"https:\/\/rautakruunu.fi\/index.php\/wp-json\/wp\/v2\/types\/page"}],"author":[{"embeddable":true,"href":"https:\/\/rautakruunu.fi\/index.php\/wp-json\/wp\/v2\/users\/1"}],"replies":[{"embeddable":true,"href":"https:\/\/rautakruunu.fi\/index.php\/wp-json\/wp\/v2\/comments?post=15"}],"version-history":[{"count":14,"href":"https:\/\/rautakruunu.fi\/index.php\/wp-json\/wp\/v2\/pages\/15\/revisions"}],"predecessor-version":[{"id":1803,"href":"https:\/\/rautakruunu.fi\/index.php\/wp-json\/wp\/v2\/pages\/15\/revisions\/1803"}],"wp:attachment":[{"href":"https:\/\/rautakruunu.fi\/index.php\/wp-json\/wp\/v2\/media?parent=15"}],"curies":[{"name":"wp","href":"https:\/\/api.w.org\/{rel}","templated":true}]}}