{"id":18,"date":"2023-02-14T11:46:22","date_gmt":"2023-02-14T11:46:22","guid":{"rendered":"https:\/\/demo.sparkletheme.com\/fitness-fse\/?page_id=18"},"modified":"2026-01-17T13:29:01","modified_gmt":"2026-01-17T13:29:01","slug":"about-us","status":"publish","type":"page","link":"https:\/\/rautakruunu.fi\/index.php\/about-us\/","title":{"rendered":"Tietoa meist\u00e4"},"content":{"rendered":"\n<div class=\"wp-block-group alignwide has-white-background-color has-background is-layout-constrained wp-container-core-group-is-layout-71d8c609 wp-block-group-is-layout-constrained\" style=\"padding-top:var(--wp--preset--spacing--80);padding-right:20px;padding-left:20px\"><\/div>\n\n\n\n<div class=\"wp-block-group alignfull has-background-background-color has-background is-layout-constrained wp-container-core-group-is-layout-f7be663e wp-block-group-is-layout-constrained\" style=\"border-style:none;border-width:0px;padding-top:0px;padding-right:0;padding-bottom:0px;padding-left:0\">\n<div class=\"wp-block-cover alignfull is-light\" style=\"padding-right:0;padding-left:0\"><img decoding=\"async\" class=\"wp-block-cover__image-background wp-image-2845\" alt=\"\" src=\"https:\/\/demo.sparkletheme.com\/fitness-fse\/wp-content\/themes\/fitness-fse\/images\/das.jpeg\" data-object-fit=\"cover\"\/><span aria-hidden=\"true\" class=\"wp-block-cover__background has-background-dim-0 has-background-dim\"><\/span><div class=\"wp-block-cover__inner-container is-layout-flow wp-block-cover-is-layout-flow\">\n<div class=\"wp-block-group is-layout-constrained wp-container-core-group-is-layout-90e85488 wp-block-group-is-layout-constrained\" style=\"padding-top:80px;padding-right:var(--wp--preset--spacing--40);padding-bottom:80px;padding-left:var(--wp--preset--spacing--40)\">\n<div class=\"wp-block-columns alignwide is-layout-flex wp-container-core-columns-is-layout-731cc08c wp-block-columns-is-layout-flex\">\n<div class=\"wp-block-column is-vertically-aligned-center is-layout-flow wp-block-column-is-layout-flow\" style=\"flex-basis:45%\">\n<div class=\"wp-block-group wrap is-layout-constrained wp-block-group-is-layout-constrained\">\n<figure class=\"wp-block-image size-full is-resized\" style=\"margin-right:0;margin-left:0\"><img loading=\"lazy\" decoding=\"async\" width=\"2122\" height=\"2560\" src=\"https:\/\/rautakruunu.fi\/wp-content\/uploads\/2026\/01\/IMG_20260113_092026-1-scaled.jpg\" alt=\"\" class=\"wp-image-1713\" style=\"aspect-ratio:3\/4;object-fit:cover;width:670px\" srcset=\"https:\/\/rautakruunu.fi\/wp-content\/uploads\/2026\/01\/IMG_20260113_092026-1-scaled.jpg 2122w, https:\/\/rautakruunu.fi\/wp-content\/uploads\/2026\/01\/IMG_20260113_092026-1-249x300.jpg 249w, https:\/\/rautakruunu.fi\/wp-content\/uploads\/2026\/01\/IMG_20260113_092026-1-849x1024.jpg 849w, https:\/\/rautakruunu.fi\/wp-content\/uploads\/2026\/01\/IMG_20260113_092026-1-768x927.jpg 768w, https:\/\/rautakruunu.fi\/wp-content\/uploads\/2026\/01\/IMG_20260113_092026-1-1273x1536.jpg 1273w, https:\/\/rautakruunu.fi\/wp-content\/uploads\/2026\/01\/IMG_20260113_092026-1-1698x2048.jpg 1698w\" sizes=\"auto, (max-width: 2122px) 100vw, 2122px\" \/><\/figure>\n<\/div>\n<\/div>\n\n\n\n<div class=\"wp-block-column is-layout-flow wp-block-column-is-layout-flow\">\n<div class=\"wp-block-group is-layout-constrained wp-container-core-group-is-layout-bdcbbb17 wp-block-group-is-layout-constrained\">\n<div class=\"wp-block-group is-layout-constrained wp-container-core-group-is-layout-19e250f3 wp-block-group-is-layout-constrained\">\n<h2 class=\"wp-block-heading has-text-align-center has-text-color has-poppins-font-family\" style=\"color:#fb5b21;font-size:17.6px;font-style:normal;font-weight:400;line-height:1.8\">Kuka olen<\/h2>\n\n\n\n<h2 class=\"wp-block-heading has-foreground-color has-text-color has-slider-title-font-size\" style=\"margin-right:0;margin-left:0;font-style:normal;font-weight:500;line-height:1.2\">Minulla on 16 vuoden kokemus ja tarjoan kuntosaliratkaisuja.<\/h2>\n<\/div>\n\n\n\n<div class=\"wp-block-group is-layout-constrained wp-container-core-group-is-layout-19e250f3 wp-block-group-is-layout-constrained\">\n<p class=\"has-foreground-color has-text-color has-fahkwang-font-family has-small-font-size\" style=\"font-style:normal;font-weight:300\">Olen Maria-Sofia Huttunen, elintapavalmennukseen erikoistunut Personal Tainer. Inohimoni kuntosalilla k\u00e4yntiin alkoi n. 16 v. Sitten ja se liekki ei ole himmentynt. Olen itse todistanut mit\u00e4 liikunta tekee niin hyvinvoinnille, mielenterveydelle kuin itsetunnolle.<\/p>\n\n\n\n<p class=\"has-foreground-color has-text-color has-fahkwang-font-family has-small-font-size\" style=\"font-style:normal;font-weight:300\">Ihninen on luotu liikkumaan ja t\u00e4t\u00e4 rakkautta liikuntaa kohtaan haluan tartuttaa ihan kaikkiin. Kaikilla on oikeus voida paremmin. Ota rohkeasti yhteytt\u00e4 ja k\u00e4yd\u00e4\u00e4n l\u00e4pi tilanteesti.<\/p>\n\n\n\n<p class=\"has-foreground-color has-text-color has-fahkwang-font-family has-small-font-size\" style=\"font-style:normal;font-weight:300\">Oli sinulla sitten vaikeuksia painon hallinnan kuin yleiskuntosi kanssa &#8230; ratkaisuja l\u00f6ytyy. <\/p>\n\n\n\n<p class=\"has-foreground-color has-text-color has-fahkwang-font-family has-small-font-size\" style=\"font-style:normal;font-weight:300\">Tervetuloa valmennukseeni!<\/p>\n<\/div>\n\n\n\n<div class=\"wp-block-group is-layout-constrained wp-block-group-is-layout-constrained\">\n<div class=\"wp-block-columns is-layout-flex wp-container-core-columns-is-layout-28f84493 wp-block-columns-is-layout-flex\">\n<div class=\"wp-block-column is-layout-flow wp-block-column-is-layout-flow\" style=\"flex-basis:33.33%\"><\/div>\n\n\n\n<div class=\"wp-block-column is-layout-flow wp-block-column-is-layout-flow\" style=\"flex-basis:66.66%\"><\/div>\n<\/div>\n<\/div>\n<\/div>\n<\/div>\n<\/div>\n<\/div>\n<\/div><\/div>\n<\/div>\n\n\n\n<div class=\"wp-block-group alignfull is-layout-constrained wp-container-core-group-is-layout-368271c6 wp-block-group-is-layout-constrained\" style=\"margin-top:0;margin-bottom:0;padding-top:0px;padding-right:0px;padding-bottom:0px;padding-left:0px\">\n\n\n\n\n<div class=\"wp-block-columns alignfull has-background is-layout-flex wp-container-core-columns-is-layout-7f238639 wp-block-columns-is-layout-flex\" style=\"background-color:#29282d;margin-top:0;margin-bottom:0;padding-top:0;padding-right:0;padding-bottom:0;padding-left:0\">\n<div class=\"wp-block-column is-vertically-aligned-center is-layout-flow wp-block-column-is-layout-flow\" style=\"padding-top:0;padding-right:0;padding-bottom:0\"><\/div>\n\n\n\n<div class=\"wp-block-column is-layout-flow wp-block-column-is-layout-flow\" style=\"padding-top:0;padding-right:0;padding-bottom:0;padding-left:0\">\n<div class=\"wp-block-group animated animated-fadeInUp is-layout-flow wp-container-core-group-is-layout-bb1e360e wp-block-group-is-layout-flow\" style=\"margin-top:0;margin-bottom:0;padding-top:0;padding-right:0;padding-bottom:0;padding-left:0\"><\/div>\n<\/div>\n<\/div>\n<\/div>\n\n\n\n\n\n<div class=\"wp-block-cover is-light\" style=\"min-height:276px;aspect-ratio:unset;\"><span aria-hidden=\"true\" class=\"wp-block-cover__background has-background-dim-0 has-background-dim\"><\/span><div class=\"wp-block-cover__inner-container is-layout-constrained wp-block-cover-is-layout-constrained\">\n<p class=\"has-text-align-center has-large-font-size\"><\/p>\n<\/div><\/div>\n\n\n\n<p><\/p>\n","protected":false},"excerpt":{"rendered":"<p>01 Your body is made to move so move it Lorem ipsum dolor sit amet, consectetur adipiscing elit, sed do eiusmod tempor incididunt ut labore et dolore magna aliqua. Ut [&hellip;]<\/p>\n","protected":false},"author":1,"featured_media":0,"parent":0,"menu_order":0,"comment_status":"closed","ping_status":"closed","template":"","meta":{"footnotes":""},"class_list":["post-18","page","type-page","status-publish","hentry"],"yoast_head":"<!-- This site is optimized with the Yoast SEO plugin v26.7 - https:\/\/yoast.com\/wordpress\/plugins\/seo\/ -->\n<title>Tietoa meist\u00e4 - Rautakruunu<\/title>\n<meta name=\"robots\" content=\"index, follow, max-snippet:-1, max-image-preview:large, max-video-preview:-1\" \/>\n<link rel=\"canonical\" href=\"https:\/\/rautakruunu.fi\/index.php\/about-us\/\" \/>\n<meta property=\"og:locale\" content=\"fi_FI\" \/>\n<meta property=\"og:type\" content=\"article\" \/>\n<meta property=\"og:title\" content=\"Tietoa meist\u00e4 - Rautakruunu\" \/>\n<meta property=\"og:description\" content=\"01 Your body is made to move so move it Lorem ipsum dolor sit amet, consectetur adipiscing elit, sed do eiusmod tempor incididunt ut labore et dolore magna aliqua. Ut [&hellip;]\" \/>\n<meta property=\"og:url\" content=\"https:\/\/rautakruunu.fi\/index.php\/about-us\/\" \/>\n<meta property=\"og:site_name\" content=\"Rautakruunu\" \/>\n<meta property=\"article:modified_time\" content=\"2026-01-17T13:29:01+00:00\" \/>\n<meta property=\"og:image\" content=\"https:\/\/demo.sparkletheme.com\/fitness-fse\/wp-content\/themes\/fitness-fse\/images\/das.jpeg\" \/>\n<meta name=\"twitter:card\" content=\"summary_large_image\" \/>\n<meta name=\"twitter:label1\" content=\"Arvioitu lukuaika\" \/>\n\t<meta name=\"twitter:data1\" content=\"4 minuuttia\" \/>\n<script type=\"application\/ld+json\" class=\"yoast-schema-graph\">{\"@context\":\"https:\/\/schema.org\",\"@graph\":[{\"@type\":\"WebPage\",\"@id\":\"https:\/\/rautakruunu.fi\/index.php\/about-us\/\",\"url\":\"https:\/\/rautakruunu.fi\/index.php\/about-us\/\",\"name\":\"Tietoa meist\u00e4 - Rautakruunu\",\"isPartOf\":{\"@id\":\"https:\/\/rautakruunu.fi\/#website\"},\"primaryImageOfPage\":{\"@id\":\"https:\/\/rautakruunu.fi\/index.php\/about-us\/#primaryimage\"},\"image\":{\"@id\":\"https:\/\/rautakruunu.fi\/index.php\/about-us\/#primaryimage\"},\"thumbnailUrl\":\"https:\/\/demo.sparkletheme.com\/fitness-fse\/wp-content\/themes\/fitness-fse\/images\/das.jpeg\",\"datePublished\":\"2023-02-14T11:46:22+00:00\",\"dateModified\":\"2026-01-17T13:29:01+00:00\",\"breadcrumb\":{\"@id\":\"https:\/\/rautakruunu.fi\/index.php\/about-us\/#breadcrumb\"},\"inLanguage\":\"fi\",\"potentialAction\":[{\"@type\":\"ReadAction\",\"target\":[\"https:\/\/rautakruunu.fi\/index.php\/about-us\/\"]}]},{\"@type\":\"ImageObject\",\"inLanguage\":\"fi\",\"@id\":\"https:\/\/rautakruunu.fi\/index.php\/about-us\/#primaryimage\",\"url\":\"https:\/\/demo.sparkletheme.com\/fitness-fse\/wp-content\/themes\/fitness-fse\/images\/das.jpeg\",\"contentUrl\":\"https:\/\/demo.sparkletheme.com\/fitness-fse\/wp-content\/themes\/fitness-fse\/images\/das.jpeg\"},{\"@type\":\"BreadcrumbList\",\"@id\":\"https:\/\/rautakruunu.fi\/index.php\/about-us\/#breadcrumb\",\"itemListElement\":[{\"@type\":\"ListItem\",\"position\":1,\"name\":\"Etusivu\",\"item\":\"https:\/\/rautakruunu.fi\/\"},{\"@type\":\"ListItem\",\"position\":2,\"name\":\"Tietoa meist\u00e4\"}]},{\"@type\":\"WebSite\",\"@id\":\"https:\/\/rautakruunu.fi\/#website\",\"url\":\"https:\/\/rautakruunu.fi\/\",\"name\":\"Rautakruunu\",\"description\":\"PT \/ ELINTAPAVALMENNUS \",\"publisher\":{\"@id\":\"https:\/\/rautakruunu.fi\/#organization\"},\"potentialAction\":[{\"@type\":\"SearchAction\",\"target\":{\"@type\":\"EntryPoint\",\"urlTemplate\":\"https:\/\/rautakruunu.fi\/?s={search_term_string}\"},\"query-input\":{\"@type\":\"PropertyValueSpecification\",\"valueRequired\":true,\"valueName\":\"search_term_string\"}}],\"inLanguage\":\"fi\"},{\"@type\":\"Organization\",\"@id\":\"https:\/\/rautakruunu.fi\/#organization\",\"name\":\"Rautakruunu\",\"url\":\"https:\/\/rautakruunu.fi\/\",\"logo\":{\"@type\":\"ImageObject\",\"inLanguage\":\"fi\",\"@id\":\"https:\/\/rautakruunu.fi\/#\/schema\/logo\/image\/\",\"url\":\"https:\/\/rautakruunu.fi\/wp-content\/uploads\/2025\/11\/rk-logo4-8.png\",\"contentUrl\":\"https:\/\/rautakruunu.fi\/wp-content\/uploads\/2025\/11\/rk-logo4-8.png\",\"width\":1024,\"height\":1024,\"caption\":\"Rautakruunu\"},\"image\":{\"@id\":\"https:\/\/rautakruunu.fi\/#\/schema\/logo\/image\/\"}}]}<\/script>\n<!-- \/ Yoast SEO plugin. -->","yoast_head_json":{"title":"Tietoa meist\u00e4 - Rautakruunu","robots":{"index":"index","follow":"follow","max-snippet":"max-snippet:-1","max-image-preview":"max-image-preview:large","max-video-preview":"max-video-preview:-1"},"canonical":"https:\/\/rautakruunu.fi\/index.php\/about-us\/","og_locale":"fi_FI","og_type":"article","og_title":"Tietoa meist\u00e4 - Rautakruunu","og_description":"01 Your body is made to move so move it Lorem ipsum dolor sit amet, consectetur adipiscing elit, sed do eiusmod tempor incididunt ut labore et dolore magna aliqua. Ut [&hellip;]","og_url":"https:\/\/rautakruunu.fi\/index.php\/about-us\/","og_site_name":"Rautakruunu","article_modified_time":"2026-01-17T13:29:01+00:00","og_image":[{"url":"https:\/\/demo.sparkletheme.com\/fitness-fse\/wp-content\/themes\/fitness-fse\/images\/das.jpeg","type":"","width":"","height":""}],"twitter_card":"summary_large_image","twitter_misc":{"Arvioitu lukuaika":"4 minuuttia"},"schema":{"@context":"https:\/\/schema.org","@graph":[{"@type":"WebPage","@id":"https:\/\/rautakruunu.fi\/index.php\/about-us\/","url":"https:\/\/rautakruunu.fi\/index.php\/about-us\/","name":"Tietoa meist\u00e4 - Rautakruunu","isPartOf":{"@id":"https:\/\/rautakruunu.fi\/#website"},"primaryImageOfPage":{"@id":"https:\/\/rautakruunu.fi\/index.php\/about-us\/#primaryimage"},"image":{"@id":"https:\/\/rautakruunu.fi\/index.php\/about-us\/#primaryimage"},"thumbnailUrl":"https:\/\/demo.sparkletheme.com\/fitness-fse\/wp-content\/themes\/fitness-fse\/images\/das.jpeg","datePublished":"2023-02-14T11:46:22+00:00","dateModified":"2026-01-17T13:29:01+00:00","breadcrumb":{"@id":"https:\/\/rautakruunu.fi\/index.php\/about-us\/#breadcrumb"},"inLanguage":"fi","potentialAction":[{"@type":"ReadAction","target":["https:\/\/rautakruunu.fi\/index.php\/about-us\/"]}]},{"@type":"ImageObject","inLanguage":"fi","@id":"https:\/\/rautakruunu.fi\/index.php\/about-us\/#primaryimage","url":"https:\/\/demo.sparkletheme.com\/fitness-fse\/wp-content\/themes\/fitness-fse\/images\/das.jpeg","contentUrl":"https:\/\/demo.sparkletheme.com\/fitness-fse\/wp-content\/themes\/fitness-fse\/images\/das.jpeg"},{"@type":"BreadcrumbList","@id":"https:\/\/rautakruunu.fi\/index.php\/about-us\/#breadcrumb","itemListElement":[{"@type":"ListItem","position":1,"name":"Etusivu","item":"https:\/\/rautakruunu.fi\/"},{"@type":"ListItem","position":2,"name":"Tietoa meist\u00e4"}]},{"@type":"WebSite","@id":"https:\/\/rautakruunu.fi\/#website","url":"https:\/\/rautakruunu.fi\/","name":"Rautakruunu","description":"PT \/ ELINTAPAVALMENNUS ","publisher":{"@id":"https:\/\/rautakruunu.fi\/#organization"},"potentialAction":[{"@type":"SearchAction","target":{"@type":"EntryPoint","urlTemplate":"https:\/\/rautakruunu.fi\/?s={search_term_string}"},"query-input":{"@type":"PropertyValueSpecification","valueRequired":true,"valueName":"search_term_string"}}],"inLanguage":"fi"},{"@type":"Organization","@id":"https:\/\/rautakruunu.fi\/#organization","name":"Rautakruunu","url":"https:\/\/rautakruunu.fi\/","logo":{"@type":"ImageObject","inLanguage":"fi","@id":"https:\/\/rautakruunu.fi\/#\/schema\/logo\/image\/","url":"https:\/\/rautakruunu.fi\/wp-content\/uploads\/2025\/11\/rk-logo4-8.png","contentUrl":"https:\/\/rautakruunu.fi\/wp-content\/uploads\/2025\/11\/rk-logo4-8.png","width":1024,"height":1024,"caption":"Rautakruunu"},"image":{"@id":"https:\/\/rautakruunu.fi\/#\/schema\/logo\/image\/"}}]}},"_links":{"self":[{"href":"https:\/\/rautakruunu.fi\/index.php\/wp-json\/wp\/v2\/pages\/18","targetHints":{"allow":["GET"]}}],"collection":[{"href":"https:\/\/rautakruunu.fi\/index.php\/wp-json\/wp\/v2\/pages"}],"about":[{"href":"https:\/\/rautakruunu.fi\/index.php\/wp-json\/wp\/v2\/types\/page"}],"author":[{"embeddable":true,"href":"https:\/\/rautakruunu.fi\/index.php\/wp-json\/wp\/v2\/users\/1"}],"replies":[{"embeddable":true,"href":"https:\/\/rautakruunu.fi\/index.php\/wp-json\/wp\/v2\/comments?post=18"}],"version-history":[{"count":17,"href":"https:\/\/rautakruunu.fi\/index.php\/wp-json\/wp\/v2\/pages\/18\/revisions"}],"predecessor-version":[{"id":1828,"href":"https:\/\/rautakruunu.fi\/index.php\/wp-json\/wp\/v2\/pages\/18\/revisions\/1828"}],"wp:attachment":[{"href":"https:\/\/rautakruunu.fi\/index.php\/wp-json\/wp\/v2\/media?parent=18"}],"curies":[{"name":"wp","href":"https:\/\/api.w.org\/{rel}","templated":true}]}}